{"id":3701,"date":"2026-04-18T02:46:32","date_gmt":"2026-04-18T02:46:32","guid":{"rendered":"https:\/\/toneoz.com\/blog\/?page_id=3701"},"modified":"2026-04-22T09:24:00","modified_gmt":"2026-04-22T09:24:00","slug":"quicksnow-sc","status":"publish","type":"page","link":"https:\/\/toneoz.com\/blog\/quicksnow-sc\/","title":{"rendered":"ToneOZ Quicksnow \u6fb3\u58f0\u901a \u5feb\u96ea\u62fc\u97f3\u4f53"},"content":{"rendered":"<div lang=\"zh-CN\">\n<p>\u5b9e\u73b0\u5982\u6559\u79d1\u4e66\u822c\u7684\u9605\u8bfb\u4f53\u9a8c\uff0c\u6db5\u76d6\u591a\u79cd\u6559\u5b66\u7528\u7f57\u9a6c\u62fc\u97f3\u5b57\u7b26\uff0c\u4e3a\u62fc\u97f3\u6559\u6750\u4e0e\u6ce8\u97f3\u6392\u7248\u63d0\u4f9b\u66f4\u6e05\u6670\u3001\u81ea\u7136\u3001\u6613\u8bfb\u7684\u5b57\u4f53\u9009\u62e9\u3002<\/p>\n<h2>\u60a8\u7684\u652f\u6301<\/h2>\n<p dir=\"auto\">\u8bf7\u5e2e\u5fd9\u5199\u63a8\u8350\u6587\u7ae0\u3002\u771f\u7684\uff0c\u8fd9\u5f88\u91cd\u8981\u3002<\/p>\n<p dir=\"auto\">\u73b0\u5728\u5e02\u9762\u4e0a\u5f88\u591a\u62fc\u97f3\u5b57\u4f53\u4ecd\u7136\u53ea\u6709\u5355\u4e00\u8bfb\u97f3\uff0c\u4f46\u56e0\u4e3a\u5386\u53f2\u60a0\u4e45\u3001\u7f51\u4e0a\u8d44\u6599\u53c8\u591a\uff0c\u7528\u6237\u641c\u7d22\u201c\u62fc\u97f3\u5b57\u4f53\u201d\u65f6\uff0c\u5f80\u5f80\u5148\u770b\u5230\u7684\u5c31\u662f\u8fd9\u4e9b\u5b57\u4f53\u3002\u65f6\u95f4\u4e00\u957f\uff0c\u9519\u8bef\u6216\u4e0d\u5b8c\u6574\u7684\u62fc\u97f3\u53cd\u800c\u4f1a\u53d8\u6210\u5e38\u6001\u3002<\/p>\n<p dir=\"auto\">\u5982\u679c\u6fb3\u58f0\u901a\u62fc\u97f3\u5b57\u4f53\u5bf9\u60a8\u6709\u5e2e\u52a9\uff0c\u6073\u8bf7\u60a8\u5728\u516c\u5f00\u7f51\u7ad9\u5199\u4e00\u7bc7\u4ecb\u7ecd\u6216\u63a8\u8350\u6587\u7ae0\u3002\u6700\u597d\u80fd\u7528\u60a8\u81ea\u5df1\u7684\u8bdd\uff0c\u5206\u4eab\u5b9e\u9645\u7684\u6559\u5b66\u7ecf\u9a8c\u3001\u4f7f\u7528\u573a\u666f\u6216\u89c2\u5bdf\u3002\u8fd9\u6837\u7684\u6587\u7ae0\u5185\u5bb9\u4f1a\u66f4\u5145\u5b9e\uff0c\u4e5f\u66f4\u5bb9\u6613\u88ab\u641c\u7d22\u7cfb\u7edf\u89c6\u4e3a\u6709\u4ef7\u503c\u7684\u5206\u4eab\uff0c\u8ba9\u66f4\u591a\u4eba\u770b\u5230\u6fb3\u58f0\u901a\uff0c\u5e76\u63a8\u52a8\u6574\u4e2a\u7f51\u7edc\u73af\u5883\u4e2d\u7684\u62fc\u97f3\u6559\u5b66\u8d28\u91cf\u9010\u6b65\u63d0\u5347\u3002<\/p>\n<h2>Download Fonts \u5b57\u4f53\u4e0b\u8f7d<\/h2>\n<p>Last Update\uff1a2026-04-22<\/p>\n<p>\u5982\u679c\u60a8\u9700\u8981\u6392\u7248\u7eaf\u7f57\u9a6c\u5b57\u62fc\u97f3\uff0c\u8bf7\u4e0b\u8f7d\u8fd9\u4e2a\uff1a<\/p>\n<ul>\n<li><a href=\"https:\/\/download.toneatoz.com\/latest\/quicksnow\/ToneOZ-Quicksnow.zip\">Download ToneOZ-Quicksnow Static Weight<\/a><br \/><a href=\"https:\/\/download.toneatoz.com\/latest\/quicksnow\/ToneOZ-Quicksnow.zip\">\u4e0b\u8f7d\u82f1\u6570\u5b57\u4f53 \u4e94\u79cd\u7c97\u7ec6<\/a><br \/><img loading=\"lazy\" class=\"alignnone  wp-image-3774\" src=\"https:\/\/toneoz.com\/blog\/wp-content\/uploads\/2026\/04\/toneoz-quicksnow-fb06-1-300x169.jpg\" alt=\"\" width=\"495\" height=\"279\" srcset=\"https:\/\/toneoz.com\/blog\/wp-content\/uploads\/2026\/04\/toneoz-quicksnow-fb06-1-300x169.jpg 300w, https:\/\/toneoz.com\/blog\/wp-content\/uploads\/2026\/04\/toneoz-quicksnow-fb06-1-1024x576.jpg 1024w, https:\/\/toneoz.com\/blog\/wp-content\/uploads\/2026\/04\/toneoz-quicksnow-fb06-1-768x432.jpg 768w, https:\/\/toneoz.com\/blog\/wp-content\/uploads\/2026\/04\/toneoz-quicksnow-fb06-1-1536x864.jpg 1536w, https:\/\/toneoz.com\/blog\/wp-content\/uploads\/2026\/04\/toneoz-quicksnow-fb06-1.jpg 1920w\" sizes=\"(max-width: 495px) 100vw, 495px\" \/><br \/><br \/><img loading=\"lazy\" class=\"alignnone  wp-image-3785\" src=\"https:\/\/toneoz.com\/blog\/wp-content\/uploads\/2026\/04\/simplified_toneoz-quicksnow-fb02-1-300x169.jpg\" alt=\"\" width=\"495\" height=\"279\" srcset=\"https:\/\/toneoz.com\/blog\/wp-content\/uploads\/2026\/04\/simplified_toneoz-quicksnow-fb02-1-300x169.jpg 300w, https:\/\/toneoz.com\/blog\/wp-content\/uploads\/2026\/04\/simplified_toneoz-quicksnow-fb02-1-1024x576.jpg 1024w, https:\/\/toneoz.com\/blog\/wp-content\/uploads\/2026\/04\/simplified_toneoz-quicksnow-fb02-1-768x432.jpg 768w, https:\/\/toneoz.com\/blog\/wp-content\/uploads\/2026\/04\/simplified_toneoz-quicksnow-fb02-1-1536x864.jpg 1536w, https:\/\/toneoz.com\/blog\/wp-content\/uploads\/2026\/04\/simplified_toneoz-quicksnow-fb02-1.jpg 1920w\" sizes=\"(max-width: 495px) 100vw, 495px\" \/><\/li>\n<\/ul>\n<p>\u5982\u679c\u60a8\u9700\u8981\u7b80\u4f53\u6c49\u5b57\u914d\u62fc\u97f3\uff0c\u8bf7\u4e0b\u8f7d\u8fd9\u4e2a\uff1a<\/p>\n<ul>\n<li><a href=\"https:\/\/download.toneatoz.com\/latest\/quicksnow\/ToneOZQSPinyinKaiSimplified.zip\">Download ToneOZ-Quicksnow Pinyin Kai Simplified Chinese<br \/><span lang=\"zh\">\u4e0b\u8f7d\u6fb3\u58f0\u901a \u5feb\u96ea\u62fc\u97f3\u6977\u4f53 \u7b80\u4f53\u7248<\/span><\/a><br \/><img loading=\"lazy\" class=\"alignnone  wp-image-3778\" src=\"https:\/\/toneoz.com\/blog\/wp-content\/uploads\/2026\/04\/toneoz-quicksnow-simplified-1-300x169.jpg\" alt=\"\" width=\"488\" height=\"275\" srcset=\"https:\/\/toneoz.com\/blog\/wp-content\/uploads\/2026\/04\/toneoz-quicksnow-simplified-1-300x169.jpg 300w, https:\/\/toneoz.com\/blog\/wp-content\/uploads\/2026\/04\/toneoz-quicksnow-simplified-1-1024x576.jpg 1024w, https:\/\/toneoz.com\/blog\/wp-content\/uploads\/2026\/04\/toneoz-quicksnow-simplified-1-768x432.jpg 768w, https:\/\/toneoz.com\/blog\/wp-content\/uploads\/2026\/04\/toneoz-quicksnow-simplified-1-1536x864.jpg 1536w, https:\/\/toneoz.com\/blog\/wp-content\/uploads\/2026\/04\/toneoz-quicksnow-simplified-1.jpg 1920w\" sizes=\"(max-width: 488px) 100vw, 488px\" \/><\/li>\n<\/ul>\n<p>\u5982\u679c\u60a8\u9700\u8981\u5fae\u8c03\u5b57\u91cd\u6216\u5236\u4f5c\u7f51\u9875\u52a8\u753b\uff0c\u8bf7\u4e0b\u8f7d\u8fd9\u4e2a\uff1a<\/p>\n<ul>\n<li><a href=\"https:\/\/download.toneatoz.com\/latest\/quicksnow\/ToneOZ-Quicksnow-VariableFont_wght.zip\">Download ToneOZ-Quicksnow Variable Weight<\/a><br \/><a href=\"https:\/\/download.toneatoz.com\/latest\/quicksnow\/ToneOZ-Quicksnow-VariableFont_wght.zip\">\u4e0b\u8f7d\u82f1\u6570\u5b57\u4f53 \u5355\u4e00\u6587\u4ef6\u53ef\u53d8\u5b57\u91cd<\/a><\/li>\n<\/ul>\n<p>\u5982\u679c\u60a8\u9700\u8981\u7e41\u4f53\u6c49\u5b57\u914d\u62fc\u97f3\uff0c\u8bf7\u4e0b\u8f7d\u8fd9\u4e2a\uff1a<\/p>\n<ul>\n<li><a href=\"https:\/\/download.toneatoz.com\/latest\/quicksnow\/ToneOZQSPinyinKaiTraditional.zip\">Download ToneOZ-Quicksnow Pinyin Kai Traditional Chinese<br \/>\u4e0b\u8f7d\u6fb3\u8072\u901a \u5feb\u96ea\u62fc\u97f3\u6977\u9ad4 \u7e41\u9ad4\u7248<\/a><br \/><img loading=\"lazy\" class=\"alignnone  wp-image-3760\" src=\"https:\/\/toneoz.com\/blog\/wp-content\/uploads\/2026\/04\/toneoz-quicksnow-traditional-300x169.jpg\" alt=\"\" width=\"493\" height=\"278\" srcset=\"https:\/\/toneoz.com\/blog\/wp-content\/uploads\/2026\/04\/toneoz-quicksnow-traditional-300x169.jpg 300w, https:\/\/toneoz.com\/blog\/wp-content\/uploads\/2026\/04\/toneoz-quicksnow-traditional-1024x576.jpg 1024w, https:\/\/toneoz.com\/blog\/wp-content\/uploads\/2026\/04\/toneoz-quicksnow-traditional-768x432.jpg 768w, https:\/\/toneoz.com\/blog\/wp-content\/uploads\/2026\/04\/toneoz-quicksnow-traditional-1536x864.jpg 1536w, https:\/\/toneoz.com\/blog\/wp-content\/uploads\/2026\/04\/toneoz-quicksnow-traditional.jpg 1920w\" sizes=\"(max-width: 493px) 100vw, 493px\" \/><\/li>\n<\/ul>\n<h2>\u62fc\u97f3\u6ce8\u97f3\u7f16\u8f91\u5668 &#8211; \u81ea\u52a8\u591a\u97f3\u6821\u6b63<\/h2>\n<p>\u7e41\u7b80\u62fc\u97f3\u6977\u4f53\u5747\u4e3a\u6559\u80b2\u89c4\u8303\u6807\u51c6\u6977\u4f53\uff0c\u652f\u6301\u591a\u97f3\u5b57\u4e00\u5b57\u591a\u97f3\uff08\u5b57\u55e8\u6ce8\u97f3 IVS \u901a\u7528\u89c4\u8303\uff09\uff0c\u5e76\u914d\u5907\u514d\u5b89\u88c5\u7684\u514d\u8d39\u5728\u7ebf\u62fc\u97f3\u6ce8\u97f3\u7f16\u8f91\u5668\uff1a<br \/><a href=\"https:\/\/toneoz.com\/ime\">https:\/\/toneoz.com\/ime<\/a><\/p>\n<p>\u6b64\u7f16\u8f91\u5668\u53ef\u81ea\u52a8\u6821\u6b63\u591a\u97f3\u5b57\uff0c\u5e76\u652f\u6301\u56fd\u8bed\u53ca\u666e\u901a\u8bdd\u4e24\u5cb8\u5dee\u5f02\u97f3\u68c0\u6d4b\u4e0e\u5207\u6362\u3002<\/p>\n<h3>\u89c6\u9891\u8bf4\u660e\u8bf7\u770b\u8fde\u8001\u5e08\u7684\u4ecb\u7ecd<\/h3>\n<\/div>\n\n\n<figure class=\"wp-block-video\"><video controls src=\"https:\/\/toneatoz.com\/toneoz_pinyin_2022.mp4\"><\/video><\/figure>\n\n\n<div lang=\"zh-CN\">\n<p>\u6559\u5b66\u89c6\u9891\u6765\u6e90\uff1a\u8fde\u8001\u5e08Youtube Channel <a href=\"https:\/\/www.youtube.com\/watch?v=jWeKRy-i4Zk\" target=\"_blank\" rel=\"noreferrer noopener\">https:\/\/www.youtube.com\/watch?v=jWeKRy-i4Zk<\/a> \uff0c\u611f\u8c22\u8fde\u8001\u5e08\u8bb8\u53ef\u8f6c\u8f7d\u3002<\/p>\n<h3>Quicksnow Font Demo Online<\/h3>\n<p>\u70b9\u51fb\u8fd9\u91cc\u53ef\u4ee5\u9884\u89c8\u82f1\u6570\u5b57\u4f53\u6548\u679c\uff1a<br><a href=\"https:\/\/toneoz.com\/demo_quicksnow\/\">https:\/\/toneoz.com\/demo_quicksnow\/<\/a><\/p>\n<p>\u70b9\u51fb\u8fd9\u91cc\u53ef\u4ee5\u9884\u89c8\u6c49\u5b57\u914d\u62fc\u97f3\u5b57\u4f53\u6548\u679c\uff0c\u8bf7\u5728\u5b57\u4f53\u83dc\u5355\u4e2d\u9009\u62e9\u201c\u5feb\u96ea\u65f6\u6674\u201d\u7cfb\u5217\uff1a<br><a href=\"https:\/\/toneoz.com\/ime\">https:\/\/toneoz.com\/ime<\/a><\/p>\n<h2>\u9f13\u52b1\u6216\u5efa\u8bae<\/h2>\n<p>\u4f5c\u8005\u8054\u7cfb\u65b9\u5f0f<\/p>\n<ul>\n<li>Email: <a href=\"mailto:jeffreyx@gmail.com\">jeffreyx@gmail.com<\/a><\/li>\n<li>Facebook \u8ba8\u8bba\u533a: <a href=\"https:\/\/www.facebook.com\/groups\/apptoneoz\">\u58f0\u901a\u6653\u767e\u79d1<\/a><\/li>\n<li>WeChat: <a href=\"https:\/\/weixin.qq.com\/\">chihlinhsuan<\/a><\/li>\n<li>LINE: <a href=\"https:\/\/line.me\/\">jeffreyxiphone2018<\/a><\/li>\n<\/ul>\n<h2>\u5236\u4f5c\u52a8\u673a<\/h2>\n<p>\u6ce8\u97f3\u7b26\u53f7\u5e38\u7528\u6765\u663e\u793a\u53d1\u97f3\u3002\u7531\u4e8e\u6b63\u6587\u5f80\u5f80\u542b\u6709\u82f1\u6587\u5b57\u6bcd\u548c\u6570\u5b57\uff0c\u5e76\u642d\u914d\u5df4\u6d1b\u514b\u886c\u7ebf\u4f53\uff08\u660e\u4f53\uff09\u6216\u53e4\u5178\u4eba\u6587\u65e0\u886c\u7ebf\u4f53\uff08\u9ed1\u4f53\uff09\uff0c\u8bb8\u591a\u51fa\u7248\u7269\u4f1a\u9009\u7528\u201c\u5706\u4f53\u5b57\u201d\u4f5c\u4e3a\u6ce8\u97f3\u5b57\u4f53\uff0c\u5728\u89c6\u89c9\u4e0a\u4e0e\u6b63\u6587\u6709\u6240\u533a\u5206\uff0c\u63d0\u793a\u8bfb\u8005\u8fd9\u662f\u53d1\u97f3\u4fe1\u606f\u3002<\/p>\n<p>\u8fd9\u7c7b\u5b57\u4f53\u901a\u5e38\u4e5f\u4f1a\u5f3a\u8c03\u4e66\u5199\u7b14\u5f62\uff0c\u6392\u9664\u9ad8\u5bf9\u6bd4\u3001\u5c16\u89d2\u4e0e\u88c5\u9970\u6027\u8fc7\u5f3a\u7684\u7279\u5f81\uff0c\u4f7f\u6574\u4f53\u7ed3\u6784\u66f4\u52a0\u6e05\u6670\u3001\u7b80\u6d01\u4e14\u6613\u4e8e\u8fa8\u8bc6\u3002\u65e5\u672c\u68ee\u6cfd <a href=\"https:\/\/www.morisawa.co.jp\/topic\/udgakusanrgo\/\">UD\u5b66\u53c2\u4e38\u30b4\u30b7\u30c3\u30af<\/a> \u7cfb\u5217\u5b57\u4f53\uff0c\u5c31\u662f\u8457\u540d\u7684\u4f8b\u5b50\u4e4b\u4e00\u3002<\/p>\n<p>\u914d\u5408\u6559\u5b66\u573a\u666f\uff0c\u62fc\u97f3\u5b57\u4f53\u8fd8\u9700\u8981\u652f\u6301\u6559\u80b2\u89c4\u8303\u4e2d\u6240\u9700\u7684\u5404\u7c7b\u6c49\u8bed\u3001\u5e7f\u4e1c\u8bdd\u3001\u95fd\u5357\u8bed\u3001\u5ba2\u8bed\u62fc\u97f3\u5b57\u7b26\u3002<br><img loading=\"lazy\" class=\"alignnone  wp-image-3784\" src=\"https:\/\/toneoz.com\/blog\/wp-content\/uploads\/2026\/04\/simplified_toneoz-quicksnow-fb03-1-300x169.jpg\" alt=\"\" width=\"547\" height=\"308\" srcset=\"https:\/\/toneoz.com\/blog\/wp-content\/uploads\/2026\/04\/simplified_toneoz-quicksnow-fb03-1-300x169.jpg 300w, https:\/\/toneoz.com\/blog\/wp-content\/uploads\/2026\/04\/simplified_toneoz-quicksnow-fb03-1-1024x576.jpg 1024w, https:\/\/toneoz.com\/blog\/wp-content\/uploads\/2026\/04\/simplified_toneoz-quicksnow-fb03-1-768x432.jpg 768w, https:\/\/toneoz.com\/blog\/wp-content\/uploads\/2026\/04\/simplified_toneoz-quicksnow-fb03-1-1536x864.jpg 1536w, https:\/\/toneoz.com\/blog\/wp-content\/uploads\/2026\/04\/simplified_toneoz-quicksnow-fb03-1.jpg 1920w\" sizes=\"(max-width: 547px) 100vw, 547px\" \/><\/p>\n<p>\u7b26\u5408\u4ee5\u4e0a\u9700\u6c42\u7684\u5706\u4f53\u62fc\u97f3\u5b57\u4f53\uff0c\u5230 2026 \u5e74\u4e3a\u6b62\u4ecd\u7136\u76f8\u5f53\u6709\u9650\u3002\u5546\u4e1a\u51fa\u7248\u793e\u53ef\u4ee5\u9009\u62e9\u4ed8\u8d39\u5b9a\u5236\u5b57\u4f53\uff0c\u800c\u5176\u4ed6\u5c0f\u578b\u56e2\u961f\u5728\u5236\u4f5c\u62fc\u97f3\u4e66\u7c4d\u4e0e\u6559\u6750\u65f6\uff0c\u5f80\u5f80\u9762\u4e34\u5b57\u4f53\u83b7\u53d6\u4e0d\u6613\u7684\u6311\u6218\u3002<\/p>\n<p>\u4e3a\u4e86\u8f85\u52a9\u6559\u6750\u5236\u4f5c\uff0c\u6fb3\u58f0\u901a ToneOZ \u8c28\u5448\u201c\u5feb\u96ea\u65f6\u6674\u201d\u7cfb\u5217\u62fc\u97f3\u5b57\u4f53\uff0c\u89c4\u5212\u5982\u4e0b\uff1a<\/p>\n<ul>\n<li>\u8bbe\u8ba1\u7406\u5ff5\u53c2\u8003\u68ee\u6cfd\u65e5\u672c\u6559\u79d1\u4e66 <a href=\"https:\/\/www.morisawa.co.jp\/topic\/udgakusanrgo\/\">UD \u5b66\u53c2\u4e38\u30b4\u30b7\u30c3\u30af<\/a><\/li>\n<li>\u67b6\u6784\u53ca\u5b57\u7b26\u89c4\u5212\u53c2\u8003 <a href=\"https:\/\/github.com\/ButTaiwan\/LessonOne\">\u5b57\u55e8\u5f00\u6e90\u5b57\u4f53 Lesson One<\/a><\/li>\n<li>\u4e3b\u8981\u6bcd\u5b57\u7b26\u6765\u81ea 2008 \u5e74\u7531\u83f2\u5f8b\u5bbe\u8bbe\u8ba1\u5e08 Andrew Paglinawan \u8bbe\u8ba1\u7684\u8c37\u6b4c\u5f00\u6e90\u5b57\u4f53 <a href=\"https:\/\/fonts.google.com\/specimen\/Quicksand\">Quicksand\u201c\u6d41\u6c99\u201d<\/a><\/li>\n<li>\u90e8\u5206\u97f3\u6807\u5b57\u7b26\u7531 Google Fonts \u7684 <a href=\"https:\/\/fonts.google.com\/noto\/specimen\/Noto+Sans\">Noto Sans<\/a> \u4fee\u6539\u800c\u6765<\/li>\n<li>\u7e41\u4f53\u62fc\u97f3\u6c49\u5b57\u514d\u8d39\u5546\u7528\u6388\u6743\u6765\u81ea\uff1a\u5168\u5b57\u5e93\u6b63\u6977\u4f53<br><a href=\"https:\/\/data.gov.tw\/en\/licenses\">\u300aOpen Government Data License, version 1.0\u300b<\/a><\/li>\n<li>\u7b80\u4f53\u514d\u8d39\u5546\u7528\u6388\u6743\u6765\u81ea\uff1a\u6587\u9f0ePL\u7b80\u4e2d\u6977<br><a href=\"http:\/\/ftp.gnu.org\/non-gnu\/chinese-fonts-truetype\/LICENSE\">\u300aARPHIC PUBLIC LICENSE 1999\u300b<\/a><\/li>\n<li>\u6b63\u6587\u6c49\u5b57\u4e2d\u7684\u82f1\u6570\u5b57\u7b26\u90e8\u5206\u57fa\u4e8e\u201c<a href=\"https:\/\/github.com\/fontworks-fonts\/Klee\">FONTWORKS Klee One<\/a>\u201d\u4ee5\u53ca\u201c<a href=\"https:\/\/github.com\/lxgw\/LxgwWenKai\">LXGW \u971e\u9e5c\u6587\u6977<\/a>\u201d\uff0c\u91c7\u7528 SIL Open Font License 1.1 \u514d\u8d39\u5546\u7528\u6388\u6743\u3002<\/li>\n<\/ul>\n<h2>\u7279\u8272<\/h2>\n<ul>\n<li>\u514d\u8d39\u3001\u5f00\u6e90\u3001\u53ef\u5546\u7528<\/li>\n<li>\u201c\u8bfe\u672c\u5c31\u8be5\u8fd9\u6837\u201d\u7684\u9605\u8bfb\u611f<\/li>\n<li>\u5706\u4f53\u5b57\u8bbe\u8ba1\uff0c\u7b14\u753b\u672b\u7aef\u5706\u89d2\u5904\u7406<\/li>\n<li>\u6269\u5927\u5b57\u9762\uff0c\u7b14\u753b\u6e05\u6670\u6613\u8fa8\u8bc6<\/li>\n<li>\u4e0e\u6b63\u6587\u5f62\u6210\u660e\u786e\u7684\u529f\u80fd\u533a\u5206<\/li>\n<li>\u91c7\u7528\u4e1c\u65b9\u62fc\u97f3\u6559\u5b66\u7b14\u5f62<\/li>\n<li>\u5c0f\u5b57\u53f7\u4e0b\u4ecd\u4fdd\u6301\u9ad8\u8bc6\u522b\u5ea6<\/li>\n<li>\u652f\u6301\u5404\u7c7b\u6559\u5b66\u65b9\u6848\u6240\u7528\u5230\u7684\u7279\u6b8a\u5b57\u7b26\uff0c\u5305\u62ec\u58f0\u8c03\u7b26\u53f7<\/li>\n<li>\u82f1\u6570\u5b57\u4f53\u7248\u652f\u6301\u4e94\u79cd\u7c97\u7ec6\u9759\u6001\u5b57\u91cd<\/li>\n<li>\u652f\u6301 Variable Font \u53ef\u53d8\u5b57\u91cd\uff0c\u63d0\u4f9b\u65e0\u9650\u7ea7\u7c97\u7ec6\u8c03\u8282<\/li>\n<li>\u6c49\u5b57\u4e0a\u65b9\u62fc\u97f3\u90e8\u5206\u91c7\u7528\u52a8\u6001\u5b57\u5bbd\u6392\u7248\uff0c\u7b26\u5408\u82f1\u8bed\u9605\u8bfb\u4f53\u9a8c<\/li>\n<\/ul>\n<h2>\u5173\u4e8e\u6bcd\u5b57\u4f53 Quicksand<\/h2>\n<p>\u6fb3\u58f0\u901a\u5feb\u96ea\u65f6\u6674 QuickSnow \u6539\u4f5c\u81ea Google Fonts \u7684\u5f00\u6e90\u5b57\u4f53 <a href=\"https:\/\/fonts.google.com\/specimen\/Quicksand\">Quicksand<\/a>\u3002Quicksand \u6700\u65e9\u7531\u65c5\u5c45\u8fea\u62dc\u7684\u83f2\u5f8b\u5bbe\u8bbe\u8ba1\u5e08 Andrew Paglinawan \u4e8e 2008 \u5e74\u53d1\u8d77\u5f00\u6e90\u8ba1\u5212\uff1b2016 \u5e74\u7531\u7231\u5c14\u5170\uff0f\u57c3\u53ca\u88d4\u8bbe\u8ba1\u5e08 Thomas Jockin \u6539\u8fdb\u5b57\u4f53\u8d28\u91cf\uff1b2019 \u5e74\u7531\u65c5\u5c45\u7ebd\u7ea6\u7684\u5357\u65af\u62c9\u592b\u88d4\u8bbe\u8ba1\u5e08 Mirko Velimirovic \u5236\u4f5c\u53ef\u53d8\u5b57\u91cd\u7248\u672c\u3002<\/p>\n<p>\u5728\u8fd9\u4e2a\u591a\u5143\u56e2\u961f\u7684\u63a5\u529b\u5f00\u53d1\u4e0b\uff0cQuicksand \u5bf9\u897f\u6b27\u3001\u5357\u6b27\u62c9\u4e01\u5b57\u6bcd\u53ca\u8d8a\u5357\u6587\u5df2\u6709\u826f\u597d\u652f\u6301\u3002<\/p>\n<h2>\u6539\u4f5c\u91cd\u70b9<\/h2>\n<p>\u6fb3\u58f0\u901a\u5feb\u96ea\u65f6\u6674\u7cfb\u5217\u7684\u6539\u4f5c\u91cd\u70b9\uff0c\u662f\u589e\u8865\u6c49\u8bed\u3001\u95fd\u5357\u8bed\u3001\u5ba2\u8bed\u62fc\u97f3\u5b57\u7b26\uff0c\u5e76\u914d\u5408\u8bfe\u5802\u6559\u5b66\u9700\u6c42\u8c03\u6574\u7b14\u5f62\u3002<\/p>\n<ul>\n<li>\u5370\u5237\u6539\u624b\u5199\uff1aa \u6539\u4e3a\u5355\u5c42 \u0251<\/li>\n<li>\u88c5\u9970\u6027\u7b14\u753b\u590d\u539f\uff1ay \u53bb\u6389\u5706\u5f27\uff0cQ\u3001R \u53bb\u6389\u6ce2\u6d6a\u811a<\/li>\n<li>\u4f38\u5934\u4f38\u811a\uff1au \u52a0\u957f\u5c3e\u5df4\uff0cI\u3001J \u8865\u4e0a\u5de5\u5b57\u5f62\u5934\u89d2<\/li>\n<li>\u6570\u5b66\u51e0\u4f55\u4fee\u6b63\uff1aB\u3001D\u3001H\u3001T\u3001P\u3001X\u3001x \u5728 Windows \u64cd\u4f5c\u7cfb\u7edf\u4e0b\u7684\u7b14\u753b\u7c97\u7ec6\u6821\u6b63<\/li>\n<li>\u53c2\u8003 <a href=\"https:\/\/github.com\/ButTaiwan\/LessonOne\">\u5b57\u55e8\u5f00\u6e90\u5b57\u4f53 Lesson One<\/a>\uff0c\u5b9e\u73b0\u4ee5\u4e0b\u6240\u6709\u5b57\u7b26\uff1a<br><img loading=\"lazy\" class=\"alignnone  wp-image-3785\" src=\"https:\/\/toneoz.com\/blog\/wp-content\/uploads\/2026\/04\/simplified_toneoz-quicksnow-fb02-1-300x169.jpg\" alt=\"\" width=\"502\" height=\"283\" srcset=\"https:\/\/toneoz.com\/blog\/wp-content\/uploads\/2026\/04\/simplified_toneoz-quicksnow-fb02-1-300x169.jpg 300w, https:\/\/toneoz.com\/blog\/wp-content\/uploads\/2026\/04\/simplified_toneoz-quicksnow-fb02-1-1024x576.jpg 1024w, https:\/\/toneoz.com\/blog\/wp-content\/uploads\/2026\/04\/simplified_toneoz-quicksnow-fb02-1-768x432.jpg 768w, https:\/\/toneoz.com\/blog\/wp-content\/uploads\/2026\/04\/simplified_toneoz-quicksnow-fb02-1-1536x864.jpg 1536w, https:\/\/toneoz.com\/blog\/wp-content\/uploads\/2026\/04\/simplified_toneoz-quicksnow-fb02-1.jpg 1920w\" sizes=\"(max-width: 502px) 100vw, 502px\" \/><\/li>\n<\/ul>\n<h3>\u6c49\u8bed\u62fc\u97f3<\/h3>\n<p>\u0101\u00e1\u01ce\u00e0\u0113\u00e9\u011b\u00e8\u012b\u00ed\u01d0\u00ec\u014d\u00f3\u01d2\u00f2\u016b\u00fa\u01d4\u00f9\u00fc\u01d6\u01d8\u01da\u01dc\u00ea\u00ea\u0304\u1ebf\u00ea\u030c\u1ec1m\u0304\u1e3fm\u030cm\u0300n\u0304\u0144\u0148\u01f9<br>\u0100\u00c1\u01cd\u00c0\u0112\u00c9\u011a\u00c8\u012a\u00cd\u01cf\u00cc\u014c\u00d3\u01d1\u00d2\u016a\u00da\u01d3\u00d9\u00dc\u01d5\u01d7\u01d9\u01db\u00ca\u00ca\u0304\u1ebe\u00ca\u030c\u1ec0M\u0304\u1e3eM\u030cM\u0300N\u0304\u0143\u0147\u01f8<\/p>\n<h3>\u53f0\u8bed\u7ec4\u5408<\/h3>\n<p>\u25cc\u0301\u25cc\u0300\u25cc\u0302\u25cc\u030c\u25cc\u0304\u25cc\u030d\u25cc\u030b\u25cc\u0306\u25cc\u0358<br>a\u030da\u030be\u030de\u030bi\u030di\u030bo\u030du\u030dm\u0300m\u0302m\u030cm\u0304m\u030dm\u030bm\u0306n\u0302n\u0304n\u030dn\u030bn\u0306<br>A\u030dA\u030bE\u030dE\u030bI\u030dI\u030bO\u030dU\u030dM\u0300M\u0302M\u030cM\u0304M\u030dM\u030bM\u0306N\u0302N\u0304N\u030dN\u030bN\u0306<\/p>\n<h3>\u53f0\u8bed\u9884\u7ec4<\/h3>\n<p>\u00e1\u00e0\u01ce\u00e2\u0101\u0103\u00e9\u00e8\u00ea\u011b\u0113\u0115\u00ed\u00ec\u00ee\u01d0\u012b\u012d\u00f3\u00f2\u00f4\u01d2\u014d\u0151\u014f\u00fa\u00f9\u00fb\u01d4\u016b\u0171\u016d\u1e3f\u0144\u01f9\u0148\u207f<br>\u00c1\u00c0\u00c2\u01cd\u0100\u0102\u00c9\u00c8\u00ca\u011a\u0112\u0114\u00cd\u00cc\u00ce\u01cf\u012a\u012c\u00d3\u00d2\u00d4\u01d1\u014c\u0150\u014e\u00da\u00d9\u00db\u01d3\u016a\u0170\u016c\u1e3e\u0143\u01f8\u0147\u1d3a<\/p>\n<h3>\u4e09\u79cd\u987a\u5e8f<\/h3>\n<p>o\u0358\u00f3\u0358\u00f2\u0358\u00f4\u0358\u01d2\u0358\u014d\u0358o\u030d\u0358\u014f\u0358\u0151\u0358<br>O\u0358\u00d3\u0358\u00d2\u0358\u00d4\u0358\u01d1\u0358\u014c\u0358O\u030d\u0358\u014e\u0358\u0150\u0358<\/p>\n<p>o\u0358\u0301o\u0358\u0300o\u0358\u0302o\u0358\u030co\u0358\u0304o\u0358\u030do\u0358\u0306o\u0358\u030b<br>O\u0358\u0301O\u0358\u0300O\u0358\u0302O\u0358\u030cO\u0358\u0304O\u0358\u030dO\u0358\u0306O\u0358\u030b<\/p>\n<p>o\u0301\u0358o\u0300\u0358o\u0302\u0358o\u030c\u0358o\u0304\u0358o\u030d\u0358o\u0306\u0358o\u030b\u0358<br>O\u0301\u0358O\u0300\u0358O\u0302\u0358O\u030c\u0358O\u0304\u0358O\u030d\u0358O\u0306\u0358O\u030b\u0358<\/p>\n<h2>GitHub Opensource \u5f00\u653e\u539f\u59cb\u7801<\/h2>\n<h4>Quicksnow \u82f1\u6570\u5b57\u4f53\u7248<\/h4>\n<p><a href=\"https:\/\/github.com\/jeffreyxuan\/toneoz-font-quicksnow\">https:\/\/github.com\/jeffreyxuan\/toneoz-font-quicksnow<\/a><\/p>\n<h4>\u5feb\u96ea\u65f6\u6674\u7b80\u4f53\u62fc\u97f3\u7248<\/h4>\n<p><a href=\"https:\/\/github.com\/jeffreyxuan\/toneoz-font-quicksnow-pinyin-kai-simplified\">https:\/\/github.com\/jeffreyxuan\/toneoz-font-quicksnow-pinyin-kai-simplified<\/a><\/p>\n<h4>\u5feb\u96ea\u65f6\u6674\u7e41\u4f53\u62fc\u97f3\u7248<\/h4>\n<p><a href=\"https:\/\/github.com\/jeffreyxuan\/toneoz-font-quicksnow-pinyin-kai-Traditional\">https:\/\/github.com\/jeffreyxuan\/toneoz-font-quicksnow-pinyin-kai-Traditional<\/a><\/p>\n<p><\/p>\n<\/div>","protected":false},"excerpt":{"rendered":"<p>\u5b9e\u73b0\u5982\u6559\u79d1\u4e66\u822c\u7684\u9605\u8bfb\u4f53\u9a8c\uff0c\u6db5\u76d6\u591a\u79cd\u6559\u5b66\u7528\u7f57\u9a6c\u62fc\u97f3\u5b57\u7b26\uff0c\u4e3a\u62fc\u97f3\u6559\u6750\u4e0e\u6ce8\u97f3\u6392\u7248\u63d0\u4f9b\u66f4\u6e05\u6670\u3001\u81ea\u7136\u3001\u6613\u8bfb\u7684\u5b57\u4f53\u9009\u62e9\u3002 \u60a8\u7684\u652f\u6301 \u8bf7\u5e2e\u5fd9\u5199\u63a8\u8350\u6587\u7ae0\u3002\u771f\u7684\uff0c\u8fd9\u5f88\u91cd\u8981\u3002 \u73b0\u5728\u5e02\u9762\u4e0a\u5f88\u591a\u62fc\u97f3\u5b57\u4f53\u4ecd\u7136\u53ea\u6709\u5355\u4e00\u8bfb\u97f3\uff0c\u4f46\u56e0\u4e3a\u5386\u53f2\u60a0\u4e45\u3001\u7f51\u4e0a\u8d44\u6599\u53c8\u591a\uff0c\u7528\u6237\u641c\u7d22\u201c\u62fc\u97f3\u5b57\u4f53\u201d\u65f6\uff0c\u5f80\u5f80\u5148\u770b\u5230\u7684\u5c31\u662f\u8fd9\u4e9b\u5b57\u4f53\u3002\u65f6\u95f4\u4e00\u957f\uff0c\u9519\u8bef\u6216\u4e0d\u5b8c\u6574\u7684\u62fc\u97f3\u53cd\u800c\u4f1a\u53d8\u6210\u5e38\u6001\u3002 \u5982\u679c\u6fb3\u58f0\u901a\u62fc\u97f3\u5b57\u4f53\u5bf9\u60a8\u6709\u5e2e\u52a9\uff0c\u6073\u8bf7\u60a8\u5728\u516c\u5f00\u7f51\u7ad9\u5199\u4e00\u7bc7\u4ecb\u7ecd\u6216\u63a8\u8350\u6587\u7ae0\u3002\u6700\u597d\u80fd\u7528\u60a8\u81ea\u5df1\u7684\u8bdd\uff0c\u5206\u4eab\u5b9e\u9645\u7684\u6559\u5b66\u7ecf\u9a8c\u3001\u4f7f\u7528\u573a\u666f\u6216\u89c2\u5bdf\u3002\u8fd9\u6837\u7684\u6587\u7ae0\u5185\u5bb9\u4f1a\u66f4\u5145\u5b9e\uff0c\u4e5f\u66f4\u5bb9\u6613\u88ab\u641c\u7d22\u7cfb\u7edf\u89c6\u4e3a\u6709\u4ef7\u503c\u7684\u5206\u4eab\uff0c\u8ba9\u66f4\u591a\u4eba\u770b\u5230\u6fb3\u58f0\u901a\uff0c\u5e76\u63a8\u52a8\u6574\u4e2a\u7f51\u7edc\u73af\u5883\u4e2d\u7684\u62fc\u97f3\u6559\u5b66\u8d28\u91cf\u9010\u6b65\u63d0\u5347\u3002 Download Fonts \u5b57\u4f53\u4e0b\u8f7d Last Update\uff1a2026-04-22 \u5982\u679c\u60a8\u9700\u8981\u6392\u7248\u7eaf\u7f57\u9a6c\u5b57\u62fc\u97f3\uff0c\u8bf7\u4e0b\u8f7d\u8fd9\u4e2a\uff1a Download ToneOZ-Quicksnow Static Weight\u4e0b\u8f7d\u82f1\u6570\u5b57\u4f53 \u4e94\u79cd\u7c97\u7ec6 \u5982\u679c\u60a8\u9700\u8981\u7b80\u4f53\u6c49\u5b57\u914d\u62fc\u97f3\uff0c\u8bf7\u4e0b\u8f7d\u8fd9\u4e2a\uff1a Download ToneOZ-Quicksnow Pinyin Kai Simplified Chinese\u4e0b\u8f7d\u6fb3\u58f0\u901a \u5feb\u96ea\u62fc\u97f3\u6977\u4f53 \u7b80\u4f53\u7248 \u5982\u679c\u60a8\u9700\u8981\u5fae\u8c03\u5b57\u91cd\u6216\u5236\u4f5c\u7f51\u9875\u52a8\u753b\uff0c\u8bf7\u4e0b\u8f7d\u8fd9\u4e2a\uff1a Download ToneOZ-Quicksnow Variable Weight\u4e0b\u8f7d\u82f1\u6570\u5b57\u4f53 \u5355\u4e00\u6587\u4ef6\u53ef\u53d8\u5b57\u91cd \u5982\u679c\u60a8\u9700\u8981\u7e41\u4f53\u6c49\u5b57\u914d\u62fc\u97f3\uff0c\u8bf7\u4e0b\u8f7d\u8fd9\u4e2a\uff1a Download ToneOZ-Quicksnow Pinyin Kai Traditional Chinese\u4e0b\u8f7d\u6fb3\u8072\u901a \u5feb\u96ea\u62fc\u97f3\u6977\u9ad4 \u7e41\u9ad4\u7248 \u62fc\u97f3\u6ce8\u97f3\u7f16\u8f91\u5668 &#8211; \u81ea\u52a8\u591a\u97f3\u6821\u6b63 \u7e41\u7b80\u62fc\u97f3\u6977\u4f53\u5747\u4e3a\u6559\u80b2\u89c4\u8303\u6807\u51c6\u6977\u4f53\uff0c\u652f\u6301\u591a\u97f3\u5b57\u4e00\u5b57\u591a\u97f3\uff08\u5b57\u55e8\u6ce8\u97f3 IVS \u901a\u7528\u89c4\u8303\uff09\uff0c\u5e76\u914d\u5907\u514d\u5b89\u88c5\u7684\u514d\u8d39\u5728\u7ebf\u62fc\u97f3\u6ce8\u97f3\u7f16\u8f91\u5668\uff1ahttps:\/\/toneoz.com\/ime \u6b64\u7f16\u8f91\u5668\u53ef\u81ea\u52a8\u6821\u6b63\u591a\u97f3\u5b57\uff0c\u5e76\u652f\u6301\u56fd\u8bed\u53ca\u666e\u901a\u8bdd\u4e24\u5cb8\u5dee\u5f02\u97f3\u68c0\u6d4b\u4e0e\u5207\u6362\u3002 \u89c6\u9891\u8bf4\u660e\u8bf7\u770b\u8fde\u8001\u5e08\u7684\u4ecb\u7ecd \u6559\u5b66\u89c6\u9891\u6765\u6e90\uff1a\u8fde\u8001\u5e08Youtube Channel https:\/\/www.youtube.com\/watch?v=jWeKRy-i4Zk \uff0c\u611f\u8c22\u8fde\u8001\u5e08\u8bb8\u53ef\u8f6c\u8f7d\u3002 Quicksnow Font Demo &hellip; <a href=\"https:\/\/toneoz.com\/blog\/quicksnow-sc\/\" class=\"more-link\">Continue reading <span class=\"screen-reader-text\">ToneOZ Quicksnow \u6fb3\u58f0\u901a \u5feb\u96ea\u62fc\u97f3\u4f53<\/span><\/a><\/p>\n","protected":false},"author":1,"featured_media":3782,"parent":0,"menu_order":0,"comment_status":"closed","ping_status":"closed","template":"","meta":[],"categories":[],"tags":[],"_links":{"self":[{"href":"https:\/\/toneoz.com\/blog\/wp-json\/wp\/v2\/pages\/3701"}],"collection":[{"href":"https:\/\/toneoz.com\/blog\/wp-json\/wp\/v2\/pages"}],"about":[{"href":"https:\/\/toneoz.com\/blog\/wp-json\/wp\/v2\/types\/page"}],"author":[{"embeddable":true,"href":"https:\/\/toneoz.com\/blog\/wp-json\/wp\/v2\/users\/1"}],"replies":[{"embeddable":true,"href":"https:\/\/toneoz.com\/blog\/wp-json\/wp\/v2\/comments?post=3701"}],"version-history":[{"count":19,"href":"https:\/\/toneoz.com\/blog\/wp-json\/wp\/v2\/pages\/3701\/revisions"}],"predecessor-version":[{"id":3788,"href":"https:\/\/toneoz.com\/blog\/wp-json\/wp\/v2\/pages\/3701\/revisions\/3788"}],"wp:featuredmedia":[{"embeddable":true,"href":"https:\/\/toneoz.com\/blog\/wp-json\/wp\/v2\/media\/3782"}],"wp:attachment":[{"href":"https:\/\/toneoz.com\/blog\/wp-json\/wp\/v2\/media?parent=3701"}],"wp:term":[{"taxonomy":"category","embeddable":true,"href":"https:\/\/toneoz.com\/blog\/wp-json\/wp\/v2\/categories?post=3701"},{"taxonomy":"post_tag","embeddable":true,"href":"https:\/\/toneoz.com\/blog\/wp-json\/wp\/v2\/tags?post=3701"}],"curies":[{"name":"wp","href":"https:\/\/api.w.org\/{rel}","templated":true}]}}